 - 8760. List the prime factors of k.
3, 5, 73
Let k(t) = t**3 - 2*t**2 + t - 2. Let j be k(2). Suppose j = 4*w - 0*w - 92. Let i = 35 - w. What are the prime factors of i?
2, 3
List the prime factors of 296 - (5 - 1)*105/60.
17
Let b(u) be the first derivative of -5*u - 7/2*u**2 + 8. What are the prime factors of b(-8)?
3, 17
Let g = 1499 + -376. List the prime factors of g.
1123
Suppose -i - 1963 = -5*s, s + 0*i = i + 391. What are the prime factors of s?
3, 131
Let w(r) = 6*r**3 - 11*r**2 - 3*r + 31. List the prime factors of w(9).
11, 317
Suppose -2*s = -3*b - 6249, 3*s + 31*b - 9386 = 33*b. List the prime factors of s.
2, 3, 29
Suppose y + 3*m = 591, 5*y - 9*m - 2860 = -5*m. What are the prime factors of y?
2, 3
Let m = -18 + 21. Let s(r) = -6*r + m*r**2 + 6*r + 4 - 4*r. What are the prime factors of s(5)?
59
Suppose -73*i = -69*i - 1036. What are the prime factors of i?
7, 37
Let c = -2556 - -2600. List the prime factors of c.
2, 11
Let h(z) = 57*z + 5. List the prime factors of h(1).
2, 31
Let k = -19 + 24. Suppose 177 = k*g + 3*i, 4*g - i + 29 - 157 = 0. List the prime factors of g.
3, 11
Let b(i) = -5 + 4 + 15 + 8*i. List the prime factors of b(5).
2, 3
Suppose 3*s - 8 = -2. Let c = 9 - s. Let h(p) = -p**3 + 7*p**2 + 3*p - 10. List the prime factors of h(c).
11
Let j = 291 - 407. Let y = -70 - j. Let a = y - 17. What are the prime factors of a?
29
Suppose -82*f + 91*f - 40986 = 0. What are the prime factors of f?
2, 3, 11, 23
Let v = 188 + -22. Let t = 286 - v. List the prime factors of t.
2, 3, 5
Let s = 507 + -171. Suppose 4*d + 4*i - s = 0, -2*d - i + 180 = -5*i. What are the prime factors of d?
2, 43
Suppose -8284 = -4*n - 4*q, 45*n = 47*n - 4*q - 4142. What are the prime factors of n?
19, 109
Suppose -4*s + 390 = 2*s. Let y be (-2)/(-4) + 75/(-2). Let r = y + s. What are the prime factors of r?
2, 7
Suppose 0 = -3*n - 5*x + 628, 14*x = 10*x + 20. List the prime factors of n.
3, 67
Suppose 3*y - 5*p = 2648, -7*y = -3*y - p - 3559. What are the prime factors of y?
3, 11
Let j(k) = 25*k**2 - 24*k - 4. What are the prime factors of j(-3)?
293
Let s(n) = n**3 + 20*n**2 + 7*n - 50. List the prime factors of s(-17).
2, 349
Suppose 0 = -3*n + 17 - 2. Let j = 1552 + -1550. Suppose t - n*f - 204 = -j*t, f = -4*t + 295. List the prime factors of t.
73
Let t be 682 - (2 + (-8 - -2 - -1)). Suppose -3*h + t = 2*h. List the prime factors of h.
137
Let t(v) = 14*v**3 + v**2 - 3*v + 2. Let m be t(1). Let n = 26 - m. List the prime factors of n.
2, 3
Let q(z) = 11*z**2 - z + 152. What are the prime factors of q(10)?
2, 3, 23
What are the prime factors of 5 - (4/((-24)/(-30)) - 3)?
3
Suppose 3*v - 2*v = -4. Suppose 0 = -4*c - 5*k + 129, 125 = 5*c + k - 2*k. Let o = c - v. What are the prime factors of o?
2, 3, 5
Let p = -375 - -416. What are the prime factors of p?
41
Suppose 7*w = 12*w + 135. Let j = w - -32. List the prime factors of j.
5
Let g(c) be the second derivative of -7*c**5/20 + c**4/12 + c**3 + c**2/2 - 29*c. What are the prime factors of g(-3)?
181
Let x = -1648 - -2779. List the prime factors of x.
3, 13, 29
Let i = -219 + 695. List the prime factors of i.
2, 7, 17
Suppose -6*n - 2643 = -5*y - 4*n, 4*n - 533 = -y. List the prime factors of y.
23
Suppose 0 = -94*k + 530202 - 163696. List the prime factors of k.
7, 557
What are the prime factors of (2 - (-2 + 4)) + 313?
313
Suppose 12 = 6*f - 3*f. Suppose -3*g - 212 = -4*o + 2*g, -2*g + 212 = f*o. List the prime factors of o.
53
Suppose 27 = 8*p - 29. Suppose 336 = -f + p*f. List the prime factors of f.
2, 7
Let k(b) = 6*b**2 - 92*b + 14. What are the prime factors of k(19)?
2, 3
Let q(j) = -98*j + 137. List the prime factors of q(-10).
1117
Suppose 24*f - 8736 - 2976 = 0. List the prime factors of f.
2, 61
Suppose -t - 2*t - i + 15 = 0, 5*t - i - 25 = 0. Suppose v = -h + 116, -t*v - h = -2*h - 592. What are the prime factors of v?
2, 59
Let g be 10/15 + 793/3. Suppose -4*w + 1217 = g. What are the prime factors of w?
2, 7, 17
Let z be (-4)/(-6) + (-91)/(-39). Suppose 0 = -z*j + 61 + 221. What are the prime factors of j?
2, 47
List the prime factors of -25*(-9316)/85 + 3*1.
13, 211
Let l = 1281 + -780. List the prime factors of l.
3, 167
Suppose -9 = -2*l - l. Suppose 0 = -5*w + 2*q - 216 + 1002, 0 = -4*w + l*q + 626. What are the prime factors of w?
2, 79
Let z = -16 - -21. Let p = z + -1. List the prime factors of p.
2
Let l = 25 + 0. Let z = 91 - l. What are the prime factors of z?
2, 3, 11
Let q(w) = -w**2 + 8*w - 10. Let z be q(6). What are the prime factors of 101/z - 3/(-2)?
2, 13
Let p(m) = 0 + 0*m + 2 - 1 - 3*m. Let f be ((-99)/(-44))/(3/(-8)). What are the prime factors of p(f)?
19
Let p = 4687 + -2710. List the prime factors of p.
3, 659
Let q be -1 - (-26)/6*3. Suppose 0 = -q*b + 2004 + 1260. What are the prime factors of b?
2, 17
Suppose 12 = c + c. Suppose -8*p + 266 = -c*p. Let d = -68 + p. List the prime factors of d.
5, 13
Let w(i) = i**3 + 6*i**2 + i - 4. Let j be w(-5). Let u = j + 31. List the prime factors of u.
47
Suppose -4109 - 1493 = -2*k - 2*p, k - 4*p = 2821. List the prime factors of k.
3, 5, 11, 17
Suppose -27*u - 10 = -32*u. Suppose -w + 2*w - b = 294, -3*b - 592 = -u*w. What are the prime factors of w?
2, 5, 29
Let i(m) = -4 + 5 - m - m + 3. What are the prime factors of i(-8)?
2, 5
List the prime factors of (-4263)/42*(-1 - 5).
3, 7, 29
Let o(v) = v**3 - 4*v**2 + 2*v - 4. Let j be o(4). Suppose j*y + 32 = -2*u - y, 16 = -u + y. List the prime factors of u/(-40) + (-93)/(-5).
19
Let u = 27 - 22. Suppose -u*k = -4*k + 12. List the prime factors of ((-68)/(-51))/((-2)/k).
2
Let x = -6 - -51. List the prime factors of (-10)/x*6*-141.
2, 47
List the prime factors of (-134458)/(-92) - (-3)/(-2).
2, 5, 73
Let l(y) = y**2 + y + 1. Suppose 0 = k + 2*z - 5 - 2, 2*k + 21 = 3*z. List the prime factors of l(k).
7
Suppose 7*o = 3*o - 4. Let i(t) be the third derivative of 7*t**5/12 + t**4/24 + 5*t**2. List the prime factors of i(o).
2, 17
Let y = 502 - 307. List the prime factors of y.
3, 5, 13
Let d(p) = -p**2 + 38*p - 30. Let c = -167 + 191. What are the prime factors of d(c)?
2, 3, 17
Let n(f) = f**2 - f + 1. Let u(c) = 10*c - 7. Let l(w) = 6*n(w) + u(w). What are the prime factors of l(5)?
13
List the prime factors of 1697137/475 - (-4)/50.
3, 397
Suppose 0 = -4*b + 3*k + 1141, -b = 5*k - 355 + 64. List the prime factors of b.
2, 11, 13
Let t(x) = -x**2 - 4*x - 1. Let r be t(-2). Suppose 0 = r*m - 0 - 12. Suppose m*z + 20 = 148. List the prime factors of z.
2
Let c(q) be the third derivative of -q**4/3 - 13*q**3/2 + 11*q**2. What are the prime factors of c(-17)?
97
Let l = 4191 - 1827. What are the prime factors of l?
2, 3, 197
Let p(m) = -m**3 + m**2 + m - 9. Let f be p(0). Suppose h + 33 = -0*h. Let o = f - h. List the prime factors of o.
2, 3
Suppose 0 = 26*o + 14*o - 17800. What are the prime factors of o?
5, 89
Let i = 69 - -546. What are the prime factors of i?
3, 5, 41
Let r be (-2)/4 - 15/6. Let x = r - -5. Suppose p + 3*p + 52 = 2*q, x*q = -p + 77. List the prime factors of q.
2, 3
Let i(r) = r**3 - 8*r**2 - 9*r + 3. Suppose 0*m - 2*m = -3*n + 8, 3*m - 22 = -4*n. Let z be m - -4 - (1 - 4). What are the prime factors of i(z)?
3
Let u = -501 + 798. Suppose 2*r - 345 = u. What are the prime factors of r?
3, 107
Let b(w) = w**2 - 2*w + 3. Let n be b(2). Suppose n*x = 4*c - c + 6, c + 4*x = 8. Let f = 13 + c. List the prime factors of f.
13
Suppose -4305 = -14*n + 1757. What are the prime factors of n?
433
Let z = 2698 + -1749. List the prime factors of z.
13, 73
Let k(b) = 73*b - 236. List the prime factors of k(26).
2, 3, 277
Suppose 18*i - 110 = 16*i. Suppose -4*p + 39 = -3*p. Let d = i - p. List the prime factors of d.
2
Suppose -9*l + 2*l = -231. What are the prime factors of l?
3, 11
Let c = -55 + 60. Suppose 6*p - 2*p + 243 = c*u, 4*p = 3*u - 141. What are the prime factors of u?
3, 17
List the prime factors of (2278/536)/(2/1768).
13, 17
Suppose -5*l - 4*q + 1623 = -21178, -2*l + 9106 = -2*q. What are the prime factors of l?
3, 7, 31
Let a(u) = u**2 - u + 1. Let f(c) = 7*c**2 - 9*c + 7. Let w(n) = -6*a(n) + f(n). Let p be (-9 + 3)*(-1 - 0). What are the prime factors of w(p)?
19
Suppose -4*s - 1606 = -5*u - 2*s, -u = -s - 323. What are the prime fa